{"id":199,"date":"2024-09-13T13:26:51","date_gmt":"2024-09-13T11:26:51","guid":{"rendered":"https:\/\/nicolaslouis.com\/wordpress\/?page_id=199"},"modified":"2025-11-15T14:21:50","modified_gmt":"2025-11-15T13:21:50","slug":"commandes","status":"publish","type":"page","link":"https:\/\/nicolaslouis.com\/wordpress\/commandes\/","title":{"rendered":"Commandes"},"content":{"rendered":"<!--Smart Slider #3 does NOT EXIST or has NO SLIDES!WordPress Shortcode-->","protected":false},"excerpt":{"rendered":"","protected":false},"author":1,"featured_media":0,"parent":0,"menu_order":0,"comment_status":"closed","ping_status":"closed","template":"","meta":{"_kadence_starter_templates_imported_post":false,"_kad_post_transparent":"","_kad_post_title":"","_kad_post_layout":"","_kad_post_sidebar_id":"","_kad_post_content_style":"","_kad_post_vertical_padding":"","_kad_post_feature":"","_kad_post_feature_position":"","_kad_post_header":false,"_kad_post_footer":false,"_kad_post_classname":"","footnotes":""},"class_list":["post-199","page","type-page","status-publish","hentry"],"yoast_head":"<!-- This site is optimized with the Yoast SEO plugin v27.5 - https:\/\/yoast.com\/product\/yoast-seo-wordpress\/ -->\n<title>Commandes - NICOLAS LOUIS<\/title>\n<meta name=\"robots\" content=\"index, follow, max-snippet:-1, max-image-preview:large, max-video-preview:-1\" \/>\n<link rel=\"canonical\" href=\"https:\/\/nicolaslouis.com\/wordpress\/commandes\/\" \/>\n<meta property=\"og:locale\" content=\"fr_FR\" \/>\n<meta property=\"og:type\" content=\"article\" \/>\n<meta property=\"og:title\" content=\"Commandes - NICOLAS LOUIS\" \/>\n<meta property=\"og:url\" content=\"https:\/\/nicolaslouis.com\/wordpress\/commandes\/\" \/>\n<meta property=\"og:site_name\" content=\"NICOLAS LOUIS\" \/>\n<meta property=\"article:modified_time\" content=\"2025-11-15T13:21:50+00:00\" \/>\n<meta name=\"twitter:card\" content=\"summary_large_image\" \/>\n<script type=\"application\/ld+json\" class=\"yoast-schema-graph\">{\"@context\":\"https:\\\/\\\/schema.org\",\"@graph\":[{\"@type\":\"WebPage\",\"@id\":\"https:\\\/\\\/nicolaslouis.com\\\/wordpress\\\/commandes\\\/\",\"url\":\"https:\\\/\\\/nicolaslouis.com\\\/wordpress\\\/commandes\\\/\",\"name\":\"Commandes - NICOLAS LOUIS\",\"isPartOf\":{\"@id\":\"https:\\\/\\\/nicolaslouis.com\\\/wordpress\\\/#website\"},\"datePublished\":\"2024-09-13T11:26:51+00:00\",\"dateModified\":\"2025-11-15T13:21:50+00:00\",\"breadcrumb\":{\"@id\":\"https:\\\/\\\/nicolaslouis.com\\\/wordpress\\\/commandes\\\/#breadcrumb\"},\"inLanguage\":\"fr-FR\",\"potentialAction\":[{\"@type\":\"ReadAction\",\"target\":[\"https:\\\/\\\/nicolaslouis.com\\\/wordpress\\\/commandes\\\/\"]}]},{\"@type\":\"BreadcrumbList\",\"@id\":\"https:\\\/\\\/nicolaslouis.com\\\/wordpress\\\/commandes\\\/#breadcrumb\",\"itemListElement\":[{\"@type\":\"ListItem\",\"position\":1,\"name\":\"Accueil\",\"item\":\"https:\\\/\\\/nicolaslouis.com\\\/wordpress\\\/\"},{\"@type\":\"ListItem\",\"position\":2,\"name\":\"Commandes\"}]},{\"@type\":\"WebSite\",\"@id\":\"https:\\\/\\\/nicolaslouis.com\\\/wordpress\\\/#website\",\"url\":\"https:\\\/\\\/nicolaslouis.com\\\/wordpress\\\/\",\"name\":\"NICOLAS LOUIS PHOTOGRAPHE\",\"description\":\"Rencontre photographique\",\"publisher\":{\"@id\":\"https:\\\/\\\/nicolaslouis.com\\\/wordpress\\\/#organization\"},\"potentialAction\":[{\"@type\":\"SearchAction\",\"target\":{\"@type\":\"EntryPoint\",\"urlTemplate\":\"https:\\\/\\\/nicolaslouis.com\\\/wordpress\\\/?s={search_term_string}\"},\"query-input\":{\"@type\":\"PropertyValueSpecification\",\"valueRequired\":true,\"valueName\":\"search_term_string\"}}],\"inLanguage\":\"fr-FR\"},{\"@type\":\"Organization\",\"@id\":\"https:\\\/\\\/nicolaslouis.com\\\/wordpress\\\/#organization\",\"name\":\"NICOLAS LOUIS\",\"url\":\"https:\\\/\\\/nicolaslouis.com\\\/wordpress\\\/\",\"logo\":{\"@type\":\"ImageObject\",\"inLanguage\":\"fr-FR\",\"@id\":\"https:\\\/\\\/nicolaslouis.com\\\/wordpress\\\/#\\\/schema\\\/logo\\\/image\\\/\",\"url\":\"https:\\\/\\\/nicolaslouis.com\\\/wordpress\\\/wp-content\\\/uploads\\\/2025\\\/04\\\/cropped-nicolaslouis-logo.jpg\",\"contentUrl\":\"https:\\\/\\\/nicolaslouis.com\\\/wordpress\\\/wp-content\\\/uploads\\\/2025\\\/04\\\/cropped-nicolaslouis-logo.jpg\",\"width\":512,\"height\":512,\"caption\":\"NICOLAS LOUIS\"},\"image\":{\"@id\":\"https:\\\/\\\/nicolaslouis.com\\\/wordpress\\\/#\\\/schema\\\/logo\\\/image\\\/\"}}]}<\/script>\n<!-- \/ Yoast SEO plugin. -->","yoast_head_json":{"title":"Commandes - NICOLAS LOUIS","robots":{"index":"index","follow":"follow","max-snippet":"max-snippet:-1","max-image-preview":"max-image-preview:large","max-video-preview":"max-video-preview:-1"},"canonical":"https:\/\/nicolaslouis.com\/wordpress\/commandes\/","og_locale":"fr_FR","og_type":"article","og_title":"Commandes - NICOLAS LOUIS","og_url":"https:\/\/nicolaslouis.com\/wordpress\/commandes\/","og_site_name":"NICOLAS LOUIS","article_modified_time":"2025-11-15T13:21:50+00:00","twitter_card":"summary_large_image","schema":{"@context":"https:\/\/schema.org","@graph":[{"@type":"WebPage","@id":"https:\/\/nicolaslouis.com\/wordpress\/commandes\/","url":"https:\/\/nicolaslouis.com\/wordpress\/commandes\/","name":"Commandes - NICOLAS LOUIS","isPartOf":{"@id":"https:\/\/nicolaslouis.com\/wordpress\/#website"},"datePublished":"2024-09-13T11:26:51+00:00","dateModified":"2025-11-15T13:21:50+00:00","breadcrumb":{"@id":"https:\/\/nicolaslouis.com\/wordpress\/commandes\/#breadcrumb"},"inLanguage":"fr-FR","potentialAction":[{"@type":"ReadAction","target":["https:\/\/nicolaslouis.com\/wordpress\/commandes\/"]}]},{"@type":"BreadcrumbList","@id":"https:\/\/nicolaslouis.com\/wordpress\/commandes\/#breadcrumb","itemListElement":[{"@type":"ListItem","position":1,"name":"Accueil","item":"https:\/\/nicolaslouis.com\/wordpress\/"},{"@type":"ListItem","position":2,"name":"Commandes"}]},{"@type":"WebSite","@id":"https:\/\/nicolaslouis.com\/wordpress\/#website","url":"https:\/\/nicolaslouis.com\/wordpress\/","name":"NICOLAS LOUIS PHOTOGRAPHE","description":"Rencontre photographique","publisher":{"@id":"https:\/\/nicolaslouis.com\/wordpress\/#organization"},"potentialAction":[{"@type":"SearchAction","target":{"@type":"EntryPoint","urlTemplate":"https:\/\/nicolaslouis.com\/wordpress\/?s={search_term_string}"},"query-input":{"@type":"PropertyValueSpecification","valueRequired":true,"valueName":"search_term_string"}}],"inLanguage":"fr-FR"},{"@type":"Organization","@id":"https:\/\/nicolaslouis.com\/wordpress\/#organization","name":"NICOLAS LOUIS","url":"https:\/\/nicolaslouis.com\/wordpress\/","logo":{"@type":"ImageObject","inLanguage":"fr-FR","@id":"https:\/\/nicolaslouis.com\/wordpress\/#\/schema\/logo\/image\/","url":"https:\/\/nicolaslouis.com\/wordpress\/wp-content\/uploads\/2025\/04\/cropped-nicolaslouis-logo.jpg","contentUrl":"https:\/\/nicolaslouis.com\/wordpress\/wp-content\/uploads\/2025\/04\/cropped-nicolaslouis-logo.jpg","width":512,"height":512,"caption":"NICOLAS LOUIS"},"image":{"@id":"https:\/\/nicolaslouis.com\/wordpress\/#\/schema\/logo\/image\/"}}]}},"jetpack_sharing_enabled":true,"jetpack_likes_enabled":true,"jetpack-related-posts":[{"id":3216,"url":"https:\/\/nicolaslouis.com\/wordpress\/cgv\/","url_meta":{"origin":199,"position":0},"title":"CGV","author":"NiColasLouis","date":"13 novembre 2025","format":false,"excerpt":"Conditions G\u00e9n\u00e9rales de Vente Valables \u00e0 compter du 13 novembre 2025 Les pr\u00e9sentes Conditions G\u00e9n\u00e9rales de Vente (ci-apr\u00e8s \u00ab CGV \u00bb) s\u2019appliquent \u00e0 toute commande pass\u00e9e sur la boutique en ligne de vente de tirages photographiques exploit\u00e9e via WooCommerce (ci-apr\u00e8s \u00ab le Site \u00bb), par tout client consommateur ou non-professionnel.\u2026","rel":"","context":"Article similaire","block_context":{"text":"Article similaire","link":""},"img":{"alt_text":"","src":"","width":0,"height":0},"classes":[]},{"id":3382,"url":"https:\/\/nicolaslouis.com\/wordpress\/conditions-de-retour-tirages-art\/","url_meta":{"origin":199,"position":1},"title":"Conditions de retour \u2013 Tirages d\u2019art Nicolas Louis","author":"NiColasLouis","date":"16 novembre 2025","format":false,"excerpt":"Les tirages propos\u00e9s sur ce site sont des tirages d\u2019art num\u00e9rot\u00e9s et sign\u00e9s, r\u00e9alis\u00e9s sur papier Fine Art en \u00e9dition limit\u00e9e.Chaque \u0153uvre est produite \u00e0 la commande, contr\u00f4l\u00e9e manuellement et emball\u00e9e avec soin afin de vous garantir une qualit\u00e9 optimale. Cette page a pour objectif de pr\u00e9ciser les modalit\u00e9s de\u2026","rel":"","context":"Article similaire","block_context":{"text":"Article similaire","link":""},"img":{"alt_text":"","src":"","width":0,"height":0},"classes":[]},{"id":3943,"url":"https:\/\/nicolaslouis.com\/wordpress\/carouselkit-plugin-export-sans-recadrage\/","url_meta":{"origin":199,"position":2},"title":"carouselkit-plugin-export-sans-recadrage","author":"NiColasLouis","date":"8 janvier 2026","format":false,"excerpt":"CarouselKit \u2014 Approche & philosophie : adaptez le cadre, pas la photo Une approche du rendu d\u2019images pens\u00e9e pour la coh\u00e9rence sur vos pr\u00e9sentations\/posts : s\u00e9ries homog\u00e8nes, respiration ma\u00eetris\u00e9e, rendu web fiable \u2014 sans recadrage Une solution, pens\u00e9 par un photographe pour les photographes T\u00e9l\u00e9charger sur Adobe Exchange Le manifeste\u2026","rel":"","context":"Article similaire","block_context":{"text":"Article similaire","link":""},"img":{"alt_text":"D\u00e9tail de l'interface du plugin Adobe Carouselkit.","src":"https:\/\/i0.wp.com\/nicolaslouis.com\/wordpress\/wp-content\/uploads\/2026\/01\/carouselkit-UX-menu-detail-1.png?resize=350%2C200&ssl=1","width":350,"height":200},"classes":[]},{"id":3812,"url":"https:\/\/nicolaslouis.com\/wordpress\/politique-de-confidentialite\/","url_meta":{"origin":199,"position":3},"title":"Politique de confidentialit\u00e9","author":"NiColasLouis","date":"6 d\u00e9cembre 2025","format":false,"excerpt":"Derni\u00e8re mise \u00e0 jour : 06\/12\/2025 Cette politique de confidentialit\u00e9 d\u00e9crit comment sont collect\u00e9es, utilis\u00e9es et prot\u00e9g\u00e9es les donn\u00e9es personnelles lorsque vous naviguez sur le site nicolaslouis.com\/wordpress et lorsque vous achetez des tirages photographiques via ma boutique en ligne. 1. Responsable du traitement Nicolas LouisPhotographe \u2013 AuteurBordeaux, FranceE-mail : studiolouisn@gmail.comSite\u2026","rel":"","context":"Article similaire","block_context":{"text":"Article similaire","link":""},"img":{"alt_text":"","src":"","width":0,"height":0},"classes":[]},{"id":2987,"url":"https:\/\/nicolaslouis.com\/wordpress\/commander\/","url_meta":{"origin":199,"position":4},"title":"Validation de la commande","author":"NiColasLouis","date":"7 novembre 2025","format":false,"excerpt":"\ud83d\udd12 Paiement s\u00e9curis\u00e9 par Stripe (chiffrement SSL, cartes Visa, Mastercard, etc.) Une question ? appelez moi ! Nicolas 0663763364","rel":"","context":"Article similaire","block_context":{"text":"Article similaire","link":""},"img":{"alt_text":"","src":"","width":0,"height":0},"classes":[]},{"id":2989,"url":"https:\/\/nicolaslouis.com\/wordpress\/remboursements_retours\/","url_meta":{"origin":199,"position":5},"title":"Politique en mati\u00e8re de remboursements et de retours","author":"NiColasLouis","date":"15 novembre 2025","format":false,"excerpt":"Tirages photo d\u2019art \u2013 \u00c9ditions limit\u00e9es Texte :D\u00e9couvrez une s\u00e9lection de tirages photo d\u2019art, r\u00e9alis\u00e9s en \u00e9dition limit\u00e9e, num\u00e9rot\u00e9s et sign\u00e9s. Chaque tirage est produit sur un papier d\u2019exception, avec des encres pigmentaires garantissant une excellente tenue dans le temps.Imprim\u00e9s en France, contr\u00f4l\u00e9s manuellement et accompagn\u00e9s d\u2019un certificat d\u2019authenticit\u00e9, ces\u2026","rel":"","context":"Article similaire","block_context":{"text":"Article similaire","link":""},"img":{"alt_text":"","src":"","width":0,"height":0},"classes":[]}],"_links":{"self":[{"href":"https:\/\/nicolaslouis.com\/wordpress\/wp-json\/wp\/v2\/pages\/199","targetHints":{"allow":["GET"]}}],"collection":[{"href":"https:\/\/nicolaslouis.com\/wordpress\/wp-json\/wp\/v2\/pages"}],"about":[{"href":"https:\/\/nicolaslouis.com\/wordpress\/wp-json\/wp\/v2\/types\/page"}],"author":[{"embeddable":true,"href":"https:\/\/nicolaslouis.com\/wordpress\/wp-json\/wp\/v2\/users\/1"}],"replies":[{"embeddable":true,"href":"https:\/\/nicolaslouis.com\/wordpress\/wp-json\/wp\/v2\/comments?post=199"}],"version-history":[{"count":1,"href":"https:\/\/nicolaslouis.com\/wordpress\/wp-json\/wp\/v2\/pages\/199\/revisions"}],"predecessor-version":[{"id":304,"href":"https:\/\/nicolaslouis.com\/wordpress\/wp-json\/wp\/v2\/pages\/199\/revisions\/304"}],"wp:attachment":[{"href":"https:\/\/nicolaslouis.com\/wordpress\/wp-json\/wp\/v2\/media?parent=199"}],"curies":[{"name":"wp","href":"https:\/\/api.w.org\/{rel}","templated":true}]}}