{"id":3284,"date":"2025-11-14T17:55:58","date_gmt":"2025-11-14T16:55:58","guid":{"rendered":"https:\/\/nicolaslouis.com\/wordpress\/?post_type=product&#038;p=3284"},"modified":"2025-11-24T20:57:44","modified_gmt":"2025-11-24T19:57:44","slug":"serie-vegetal-08-lanceolees-vert-sombre-tirage-photo-art-serie-limitee","status":"publish","type":"product","link":"https:\/\/nicolaslouis.com\/wordpress\/produit\/serie-vegetal-08-lanceolees-vert-sombre-tirage-photo-art-serie-limitee\/","title":{"rendered":"Tirage photo d\u2019art-Se\u0301rie limit\u00e9e Nocturne V\u00e9g\u00e9tale #08-Lanceolees-30x40cm"},"content":{"rendered":"<h2 style=\"text-align: left;\"><strong>Caract\u00e9ristiques du tirage :<\/strong><\/h2>\n<p style=\"text-align: left;\">\u2022 \u00c9dition : limit\u00e9e \u00e0 30 exemplaires<br \/>\n\u2022 \u0152uvre sign\u00e9e par l\u2019artiste<br \/>\n\u2022 Format du tirage : 30 \u00d7 40 cm<br \/>\n\u2022 Support : papier fine art (papier d\u2019art de qualit\u00e9 galerie)<br \/>\n\u2022 Fournie sans cadre &#8211;\u00a0 L&rsquo;encadrement est une affaire de go\u00fbt, et \u00e0 chacun son int\u00e9rieur, son style !<br \/>\n\u2022 Convient \u00e0 un accrochage en int\u00e9rieur<\/p>\n<p class=\"p1\">Pour une demande particuli\u00e8re, contactez-moi !<\/p>\n<p>Tirage r\u00e9alis\u00e9 \u00e0 la demande dans un atelier professionnel.<\/p>\n<p>Pr\u00e9voir un cadre adapt\u00e9 au format 30 \u00d7 40 cm ou cadre 40&#215;50\u00a0 cm avec passe-partout.<\/p>\n<p>Id\u00e9al en association avec les autres tirages de la m\u00eame s\u00e9rie v\u00e9g\u00e9tale.<\/p>\n<p>Contrairement \u00e0 un tirage photo standard qui a tendance \u00e0 jaunir au bout de quelques ann\u00e9es lorsqu\u2019il est expos\u00e9 \u00e0 la lumi\u00e8re, un tirage d\u2019art offre, lui, une durabilit\u00e9 exceptionnelle, avec une esp\u00e9rance de vie d\u2019environ 100 ans.<\/p>\n<p>D\u00e9lai de production de 5 \u00e0 10 jours ouvr\u00e9s, selon la p\u00e9riode de l&rsquo;ann\u00e9e.<\/p>\n<p>Chaque image de la collection est tir\u00e9e \u00e0 <b>30 exemplaires maximum, tous formats confondus<\/b>. Une fois l\u2019\u00e9dition compl\u00e8te,<strong> l\u2019\u0153uvre n\u2019est plus disponible \u00e0 la vente<\/strong>. Le num\u00e9ro de tirage figure au dos (ou au certificat) avec la signature.<\/p>\n<h3 data-start=\"87\" data-end=\"129\"><\/h3>\n<h3 data-start=\"87\" data-end=\"129\">1. Qu\u2019est-ce qu\u2019un tirage Fine Art ?<\/h3>\n<p data-start=\"130\" data-end=\"181\">Une impression photographique de tr\u00e8s haute qualit\u00e9<\/p>\n<p data-start=\"183\" data-end=\"436\">Un tirage Fine Art correspond \u00e0 une impression photo professionnelle pens\u00e9e pour la durabilit\u00e9, la pr\u00e9cision des couleurs et la mise en valeur de l\u2019image.<br data-start=\"337\" data-end=\"340\" \/>Il repose sur l\u2019utilisation de mat\u00e9riaux haut de gamme et de techniques d\u2019impression contr\u00f4l\u00e9es.<\/p>\n<p data-start=\"438\" data-end=\"467\">Concr\u00e8tement, cela implique :<\/p>\n<ul data-start=\"469\" data-end=\"825\">\n<li data-start=\"469\" data-end=\"549\">\n<p data-start=\"471\" data-end=\"549\">Des papiers d\u2019archivage sans acide, \u00e0 base de coton ou de fibres naturelles.<\/p>\n<\/li>\n<li data-start=\"550\" data-end=\"646\">\n<p data-start=\"552\" data-end=\"646\">Des encres pigmentaires professionnelles, stables dans le temps et r\u00e9sistantes \u00e0 la lumi\u00e8re.<\/p>\n<\/li>\n<li data-start=\"647\" data-end=\"724\">\n<p data-start=\"649\" data-end=\"724\">Une impression jet d\u2019encre pilot\u00e9e par un profil ICC sp\u00e9cifique Fine Art.<\/p>\n<\/li>\n<li data-start=\"725\" data-end=\"825\">\n<p data-start=\"727\" data-end=\"825\">Une pr\u00e9paration rigoureuse des fichiers : \u00e9cran calibr\u00e9, gestion des marges, r\u00e9solution optimis\u00e9e.<\/p>\n<hr data-start=\"564\" data-end=\"567\" \/>\n<\/li>\n<\/ul>\n<h3 data-start=\"92\" data-end=\"147\">2. Encres pigmentaires : un rendu fid\u00e8le et durable<\/h3>\n<p data-start=\"149\" data-end=\"320\">Pour nos tirages Fine Art, nous utilisons exclusivement des encres pigmentaires professionnelles, pens\u00e9es pour tenir dans le temps et respecter le travail du photographe :<\/p>\n<ul data-start=\"322\" data-end=\"562\">\n<li data-start=\"322\" data-end=\"386\">\n<p data-start=\"324\" data-end=\"386\">Une r\u00e9sistance aux UV pouvant atteindre plusieurs d\u00e9cennies.<\/p>\n<\/li>\n<li data-start=\"387\" data-end=\"457\">\n<p data-start=\"389\" data-end=\"457\">Des couleurs denses, des transitions douces et des noirs profonds.<\/p>\n<\/li>\n<li data-start=\"458\" data-end=\"562\">\n<p data-start=\"460\" data-end=\"562\">Une impression r\u00e9alis\u00e9e avec 8 \u00e0 12 cartouches couleur, pour une restitution tr\u00e8s pr\u00e9cise des nuances.<\/p>\n<\/li>\n<\/ul>\n<hr data-start=\"564\" data-end=\"567\" \/>\n<h3 data-start=\"569\" data-end=\"634\">3. Tirage Fine Art ou tirage d\u2019art : comment les distinguer ?<\/h3>\n<p data-start=\"636\" data-end=\"710\">On confond souvent les deux, pourtant ils ne d\u00e9signent pas la m\u00eame chose :<\/p>\n<ul data-start=\"712\" data-end=\"1074\">\n<li data-start=\"712\" data-end=\"867\">\n<p data-start=\"714\" data-end=\"867\">Un <strong data-start=\"717\" data-end=\"733\">tirage d\u2019art<\/strong> est un tirage <strong data-start=\"748\" data-end=\"777\">sign\u00e9, num\u00e9rot\u00e9 et limit\u00e9<\/strong> (\u00e0 30 exemplaires maximum) et b\u00e9n\u00e9ficie d\u2019un statut fiscal sp\u00e9cifique en tant qu\u2019\u0153uvre.<\/p>\n<\/li>\n<li data-start=\"868\" data-end=\"1074\">\n<p data-start=\"870\" data-end=\"1074\">Un <strong data-start=\"873\" data-end=\"892\">tirage Fine Art<\/strong> fait r\u00e9f\u00e9rence avant tout \u00e0 la <strong data-start=\"924\" data-end=\"961\">qualit\u00e9 technique de l\u2019impression<\/strong> (papier, encre, m\u00e9thode, gestion colorim\u00e9trique). Il peut \u00eatre un tirage d\u2019art\u2026 mais ce n\u2019est pas obligatoire.<\/p>\n<\/li>\n<\/ul>\n<p data-start=\"1076\" data-end=\"1221\">En r\u00e9sum\u00e9 :<br data-start=\"1087\" data-end=\"1090\" \/>Un tirage d\u2019art est forc\u00e9ment r\u00e9alis\u00e9 en Fine Art, mais un tirage Fine Art n\u2019est pas automatiquement un tirage d\u2019art au sens l\u00e9gal.<\/p>\n<hr data-start=\"1223\" data-end=\"1226\" \/>\n<h3 data-start=\"1228\" data-end=\"1284\">4. Conservation et encadrement : nos recommandations<\/h3>\n<p data-start=\"1286\" data-end=\"1386\">Pour pr\u00e9server la qualit\u00e9 d\u2019un tirage Fine Art dans le temps, quelques bonnes pratiques s\u2019imposent :<\/p>\n<ul data-start=\"1388\" data-end=\"1714\">\n<li data-start=\"1388\" data-end=\"1445\">\n<p data-start=\"1390\" data-end=\"1445\">\u00c9viter l\u2019exposition en <strong data-start=\"1413\" data-end=\"1432\">lumi\u00e8re directe<\/strong> du soleil.<\/p>\n<\/li>\n<li data-start=\"1446\" data-end=\"1508\">\n<p data-start=\"1448\" data-end=\"1508\">Privil\u00e9gier un <strong data-start=\"1463\" data-end=\"1486\">verre mus\u00e9e anti-UV<\/strong> pour l\u2019encadrement.<\/p>\n<\/li>\n<li data-start=\"1509\" data-end=\"1605\">\n<p data-start=\"1511\" data-end=\"1605\">Manipuler les tirages avec des <strong data-start=\"1542\" data-end=\"1560\">gants en coton<\/strong> afin d\u2019\u00e9viter les traces et micro-rayures.<\/p>\n<\/li>\n<li data-start=\"1606\" data-end=\"1714\">\n<p data-start=\"1608\" data-end=\"1714\">Utiliser des <strong data-start=\"1621\" data-end=\"1661\">supports et passe-partout sans acide<\/strong> (pH neutre) pour \u00e9viter tout jaunissement pr\u00e9matur\u00e9.<\/p>\n<\/li>\n<\/ul>\n<p data-start=\"1988\" data-end=\"2270\">\n","protected":false},"excerpt":{"rendered":"<p class=\"p1\">Photographie artistique de feuilles lanc\u00e9ol\u00e9es aux reflets bleu-vert sur fond sombre, tirage d\u2019art v\u00e9g\u00e9tal r\u00e9alis\u00e9 \u00e0 Mareil-Marly (Yvelines), d\u00e9coration murale contemporaine.<\/p>\n<h2><strong>Caract\u00e9ristiques du tirage :<\/strong><\/h2>\n<p>\u2022 \u00c9dition : limit\u00e9e \u00e0 30 exemplaires<br \/>\n\u2022 \u0152uvre sign\u00e9e par l\u2019artiste<br \/>\n\u2022 Format du tirage : 30 \u00d7 40 cm<br \/>\n\u2022 Support : papier fine art (papier d\u2019art de qualit\u00e9 galerie)<br \/>\n\u2022 Fournie sans cadre &#8211;\u00a0 L&rsquo;encadrement est une affaire de go\u00fbt, et \u00e0 chacun son int\u00e9rieur, son style !<br \/>\n\u2022 Convient \u00e0 un accrochage en int\u00e9rieur<\/p>\n<p>Pour une demande particuli\u00e8re, une question, contactez-moi !<\/p>\n<p>Id\u00e9al en association avec les autres tirages de la m\u00eame s\u00e9rie v\u00e9g\u00e9tale.<\/p>\n","protected":false},"featured_media":3285,"comment_status":"closed","ping_status":"closed","template":"","meta":{"_kadence_starter_templates_imported_post":false,"_kad_post_transparent":"default","_kad_post_title":"","_kad_post_layout":"default","_kad_post_sidebar_id":"","_kad_post_content_style":"default","_kad_post_vertical_padding":"default","_kad_post_feature":"","_kad_post_feature_position":"","_kad_post_header":false,"_kad_post_footer":false,"_kad_post_classname":""},"product_brand":[104],"product_cat":[136,81],"product_tag":[97,120],"class_list":{"0":"post-3284","1":"product","2":"type-product","3":"status-publish","4":"has-post-thumbnail","6":"product_brand-nicolas-louis-photo-tirage-art","7":"product_cat-nocturne-vegetal","8":"product_cat-tirage-photo-art-deco-botanique-vegetal","9":"product_tag-tirage-photo-30x40cm","10":"product_tag-ambiance-photo-tons-vert-nuit","11":"product_shipping_class-envoi-tarif-normal","13":"first","14":"instock","15":"taxable","16":"shipping-taxable","17":"purchasable","18":"product-type-simple","19":"entry","20":"content-bg","21":"loop-entry"},"yoast_head":"<!-- This site is optimized with the Yoast SEO plugin v27.4 - https:\/\/yoast.com\/product\/yoast-seo-wordpress\/ -->\n<title>Tirage photo d\u2019art-Se\u0301rie limit\u00e9e Nocturne V\u00e9g\u00e9tale #08-Lanceolees-30x40cm - NICOLAS LOUIS<\/title>\n<meta name=\"description\" content=\"Tirage d&#039;art de photo v\u00e9g\u00e9tale sur papier fine art, en \u00e9dition limit\u00e9e, sign\u00e9 par l\u2019artiste. Teintes couleurs froides, id\u00e9al pour int\u00e9rieur, galerie ou bureau.\" \/>\n<meta name=\"robots\" content=\"index, follow, max-snippet:-1, max-image-preview:large, max-video-preview:-1\" \/>\n<link rel=\"canonical\" href=\"https:\/\/nicolaslouis.com\/wordpress\/produit\/serie-vegetal-08-lanceolees-vert-sombre-tirage-photo-art-serie-limitee\/\" \/>\n<meta property=\"og:locale\" content=\"fr_FR\" \/>\n<meta property=\"og:type\" content=\"article\" \/>\n<meta property=\"og:title\" content=\"Tirage photo d\u2019art-Se\u0301rie limit\u00e9e Nocturne V\u00e9g\u00e9tale #08-Lanceolees-30x40cm - NICOLAS LOUIS\" \/>\n<meta property=\"og:description\" content=\"Tirage d&#039;art de photo v\u00e9g\u00e9tale sur papier fine art, en \u00e9dition limit\u00e9e, sign\u00e9 par l\u2019artiste. Teintes couleurs froides, id\u00e9al pour int\u00e9rieur, galerie ou bureau.\" \/>\n<meta property=\"og:url\" content=\"https:\/\/nicolaslouis.com\/wordpress\/produit\/serie-vegetal-08-lanceolees-vert-sombre-tirage-photo-art-serie-limitee\/\" \/>\n<meta property=\"og:site_name\" content=\"NICOLAS LOUIS\" \/>\n<meta property=\"article:modified_time\" content=\"2025-11-24T19:57:44+00:00\" \/>\n<meta property=\"og:image\" content=\"https:\/\/nicolaslouis.com\/wordpress\/wp-content\/uploads\/2025\/11\/feuilles-lanceolees-vert-sombre-photo-tirage-art-mareil-marly-yvelines.webp\" \/>\n\t<meta property=\"og:image:width\" content=\"1080\" \/>\n\t<meta property=\"og:image:height\" content=\"1080\" \/>\n\t<meta property=\"og:image:type\" content=\"image\/webp\" \/>\n<meta name=\"twitter:card\" content=\"summary_large_image\" \/>\n<meta name=\"twitter:label1\" content=\"Dur\u00e9e de lecture estim\u00e9e\" \/>\n\t<meta name=\"twitter:data1\" content=\"3 minutes\" \/>\n<script type=\"application\/ld+json\" class=\"yoast-schema-graph\">{\"@context\":\"https:\\\/\\\/schema.org\",\"@graph\":[{\"@type\":\"WebPage\",\"@id\":\"https:\\\/\\\/nicolaslouis.com\\\/wordpress\\\/produit\\\/serie-vegetal-08-lanceolees-vert-sombre-tirage-photo-art-serie-limitee\\\/\",\"url\":\"https:\\\/\\\/nicolaslouis.com\\\/wordpress\\\/produit\\\/serie-vegetal-08-lanceolees-vert-sombre-tirage-photo-art-serie-limitee\\\/\",\"name\":\"Tirage photo d\u2019art-Se\u0301rie limit\u00e9e Nocturne V\u00e9g\u00e9tale #08-Lanceolees-30x40cm - NICOLAS LOUIS\",\"isPartOf\":{\"@id\":\"https:\\\/\\\/nicolaslouis.com\\\/wordpress\\\/#website\"},\"primaryImageOfPage\":{\"@id\":\"https:\\\/\\\/nicolaslouis.com\\\/wordpress\\\/produit\\\/serie-vegetal-08-lanceolees-vert-sombre-tirage-photo-art-serie-limitee\\\/#primaryimage\"},\"image\":{\"@id\":\"https:\\\/\\\/nicolaslouis.com\\\/wordpress\\\/produit\\\/serie-vegetal-08-lanceolees-vert-sombre-tirage-photo-art-serie-limitee\\\/#primaryimage\"},\"thumbnailUrl\":\"https:\\\/\\\/nicolaslouis.com\\\/wordpress\\\/wp-content\\\/uploads\\\/2025\\\/11\\\/feuilles-lanceolees-vert-sombre-photo-tirage-art-mareil-marly-yvelines.webp\",\"datePublished\":\"2025-11-14T16:55:58+00:00\",\"dateModified\":\"2025-11-24T19:57:44+00:00\",\"description\":\"Tirage d'art de photo v\u00e9g\u00e9tale sur papier fine art, en \u00e9dition limit\u00e9e, sign\u00e9 par l\u2019artiste. Teintes couleurs froides, id\u00e9al pour int\u00e9rieur, galerie ou bureau.\",\"breadcrumb\":{\"@id\":\"https:\\\/\\\/nicolaslouis.com\\\/wordpress\\\/produit\\\/serie-vegetal-08-lanceolees-vert-sombre-tirage-photo-art-serie-limitee\\\/#breadcrumb\"},\"inLanguage\":\"fr-FR\",\"potentialAction\":[{\"@type\":\"ReadAction\",\"target\":[\"https:\\\/\\\/nicolaslouis.com\\\/wordpress\\\/produit\\\/serie-vegetal-08-lanceolees-vert-sombre-tirage-photo-art-serie-limitee\\\/\"]}]},{\"@type\":\"ImageObject\",\"inLanguage\":\"fr-FR\",\"@id\":\"https:\\\/\\\/nicolaslouis.com\\\/wordpress\\\/produit\\\/serie-vegetal-08-lanceolees-vert-sombre-tirage-photo-art-serie-limitee\\\/#primaryimage\",\"url\":\"https:\\\/\\\/nicolaslouis.com\\\/wordpress\\\/wp-content\\\/uploads\\\/2025\\\/11\\\/feuilles-lanceolees-vert-sombre-photo-tirage-art-mareil-marly-yvelines.webp\",\"contentUrl\":\"https:\\\/\\\/nicolaslouis.com\\\/wordpress\\\/wp-content\\\/uploads\\\/2025\\\/11\\\/feuilles-lanceolees-vert-sombre-photo-tirage-art-mareil-marly-yvelines.webp\",\"width\":1080,\"height\":1080,\"caption\":\"Photographie artistique de feuilles lanc\u00e9ol\u00e9es aux reflets bleu-vert sur fond sombre, tirage d\u2019art v\u00e9g\u00e9tal r\u00e9alis\u00e9 \u00e0 Mareil-Marly (Yvelines), d\u00e9coration murale contemporaine.\"},{\"@type\":\"BreadcrumbList\",\"@id\":\"https:\\\/\\\/nicolaslouis.com\\\/wordpress\\\/produit\\\/serie-vegetal-08-lanceolees-vert-sombre-tirage-photo-art-serie-limitee\\\/#breadcrumb\",\"itemListElement\":[{\"@type\":\"ListItem\",\"position\":1,\"name\":\"Accueil\",\"item\":\"https:\\\/\\\/nicolaslouis.com\\\/wordpress\\\/\"},{\"@type\":\"ListItem\",\"position\":2,\"name\":\"BOUTIQUE\",\"item\":\"https:\\\/\\\/nicolaslouis.com\\\/wordpress\\\/boutique\\\/\"},{\"@type\":\"ListItem\",\"position\":3,\"name\":\"Tirage photo d\u2019art-Se\u0301rie limit\u00e9e Nocturne V\u00e9g\u00e9tale #08-Lanceolees-30x40cm\"}]},{\"@type\":\"WebSite\",\"@id\":\"https:\\\/\\\/nicolaslouis.com\\\/wordpress\\\/#website\",\"url\":\"https:\\\/\\\/nicolaslouis.com\\\/wordpress\\\/\",\"name\":\"NICOLAS LOUIS PHOTOGRAPHE\",\"description\":\"Rencontre photographique\",\"publisher\":{\"@id\":\"https:\\\/\\\/nicolaslouis.com\\\/wordpress\\\/#organization\"},\"potentialAction\":[{\"@type\":\"SearchAction\",\"target\":{\"@type\":\"EntryPoint\",\"urlTemplate\":\"https:\\\/\\\/nicolaslouis.com\\\/wordpress\\\/?s={search_term_string}\"},\"query-input\":{\"@type\":\"PropertyValueSpecification\",\"valueRequired\":true,\"valueName\":\"search_term_string\"}}],\"inLanguage\":\"fr-FR\"},{\"@type\":\"Organization\",\"@id\":\"https:\\\/\\\/nicolaslouis.com\\\/wordpress\\\/#organization\",\"name\":\"NICOLAS LOUIS\",\"url\":\"https:\\\/\\\/nicolaslouis.com\\\/wordpress\\\/\",\"logo\":{\"@type\":\"ImageObject\",\"inLanguage\":\"fr-FR\",\"@id\":\"https:\\\/\\\/nicolaslouis.com\\\/wordpress\\\/#\\\/schema\\\/logo\\\/image\\\/\",\"url\":\"https:\\\/\\\/nicolaslouis.com\\\/wordpress\\\/wp-content\\\/uploads\\\/2025\\\/04\\\/cropped-nicolaslouis-logo.jpg\",\"contentUrl\":\"https:\\\/\\\/nicolaslouis.com\\\/wordpress\\\/wp-content\\\/uploads\\\/2025\\\/04\\\/cropped-nicolaslouis-logo.jpg\",\"width\":512,\"height\":512,\"caption\":\"NICOLAS LOUIS\"},\"image\":{\"@id\":\"https:\\\/\\\/nicolaslouis.com\\\/wordpress\\\/#\\\/schema\\\/logo\\\/image\\\/\"}}]}<\/script>\n<!-- \/ Yoast SEO plugin. -->","yoast_head_json":{"title":"Tirage photo d\u2019art-Se\u0301rie limit\u00e9e Nocturne V\u00e9g\u00e9tale #08-Lanceolees-30x40cm - NICOLAS LOUIS","description":"Tirage d'art de photo v\u00e9g\u00e9tale sur papier fine art, en \u00e9dition limit\u00e9e, sign\u00e9 par l\u2019artiste. Teintes couleurs froides, id\u00e9al pour int\u00e9rieur, galerie ou bureau.","robots":{"index":"index","follow":"follow","max-snippet":"max-snippet:-1","max-image-preview":"max-image-preview:large","max-video-preview":"max-video-preview:-1"},"canonical":"https:\/\/nicolaslouis.com\/wordpress\/produit\/serie-vegetal-08-lanceolees-vert-sombre-tirage-photo-art-serie-limitee\/","og_locale":"fr_FR","og_type":"article","og_title":"Tirage photo d\u2019art-Se\u0301rie limit\u00e9e Nocturne V\u00e9g\u00e9tale #08-Lanceolees-30x40cm - NICOLAS LOUIS","og_description":"Tirage d'art de photo v\u00e9g\u00e9tale sur papier fine art, en \u00e9dition limit\u00e9e, sign\u00e9 par l\u2019artiste. Teintes couleurs froides, id\u00e9al pour int\u00e9rieur, galerie ou bureau.","og_url":"https:\/\/nicolaslouis.com\/wordpress\/produit\/serie-vegetal-08-lanceolees-vert-sombre-tirage-photo-art-serie-limitee\/","og_site_name":"NICOLAS LOUIS","article_modified_time":"2025-11-24T19:57:44+00:00","og_image":[{"width":1080,"height":1080,"url":"https:\/\/nicolaslouis.com\/wordpress\/wp-content\/uploads\/2025\/11\/feuilles-lanceolees-vert-sombre-photo-tirage-art-mareil-marly-yvelines.webp","type":"image\/webp"}],"twitter_card":"summary_large_image","twitter_misc":{"Dur\u00e9e de lecture estim\u00e9e":"3 minutes"},"schema":{"@context":"https:\/\/schema.org","@graph":[{"@type":"WebPage","@id":"https:\/\/nicolaslouis.com\/wordpress\/produit\/serie-vegetal-08-lanceolees-vert-sombre-tirage-photo-art-serie-limitee\/","url":"https:\/\/nicolaslouis.com\/wordpress\/produit\/serie-vegetal-08-lanceolees-vert-sombre-tirage-photo-art-serie-limitee\/","name":"Tirage photo d\u2019art-Se\u0301rie limit\u00e9e Nocturne V\u00e9g\u00e9tale #08-Lanceolees-30x40cm - NICOLAS LOUIS","isPartOf":{"@id":"https:\/\/nicolaslouis.com\/wordpress\/#website"},"primaryImageOfPage":{"@id":"https:\/\/nicolaslouis.com\/wordpress\/produit\/serie-vegetal-08-lanceolees-vert-sombre-tirage-photo-art-serie-limitee\/#primaryimage"},"image":{"@id":"https:\/\/nicolaslouis.com\/wordpress\/produit\/serie-vegetal-08-lanceolees-vert-sombre-tirage-photo-art-serie-limitee\/#primaryimage"},"thumbnailUrl":"https:\/\/nicolaslouis.com\/wordpress\/wp-content\/uploads\/2025\/11\/feuilles-lanceolees-vert-sombre-photo-tirage-art-mareil-marly-yvelines.webp","datePublished":"2025-11-14T16:55:58+00:00","dateModified":"2025-11-24T19:57:44+00:00","description":"Tirage d'art de photo v\u00e9g\u00e9tale sur papier fine art, en \u00e9dition limit\u00e9e, sign\u00e9 par l\u2019artiste. Teintes couleurs froides, id\u00e9al pour int\u00e9rieur, galerie ou bureau.","breadcrumb":{"@id":"https:\/\/nicolaslouis.com\/wordpress\/produit\/serie-vegetal-08-lanceolees-vert-sombre-tirage-photo-art-serie-limitee\/#breadcrumb"},"inLanguage":"fr-FR","potentialAction":[{"@type":"ReadAction","target":["https:\/\/nicolaslouis.com\/wordpress\/produit\/serie-vegetal-08-lanceolees-vert-sombre-tirage-photo-art-serie-limitee\/"]}]},{"@type":"ImageObject","inLanguage":"fr-FR","@id":"https:\/\/nicolaslouis.com\/wordpress\/produit\/serie-vegetal-08-lanceolees-vert-sombre-tirage-photo-art-serie-limitee\/#primaryimage","url":"https:\/\/nicolaslouis.com\/wordpress\/wp-content\/uploads\/2025\/11\/feuilles-lanceolees-vert-sombre-photo-tirage-art-mareil-marly-yvelines.webp","contentUrl":"https:\/\/nicolaslouis.com\/wordpress\/wp-content\/uploads\/2025\/11\/feuilles-lanceolees-vert-sombre-photo-tirage-art-mareil-marly-yvelines.webp","width":1080,"height":1080,"caption":"Photographie artistique de feuilles lanc\u00e9ol\u00e9es aux reflets bleu-vert sur fond sombre, tirage d\u2019art v\u00e9g\u00e9tal r\u00e9alis\u00e9 \u00e0 Mareil-Marly (Yvelines), d\u00e9coration murale contemporaine."},{"@type":"BreadcrumbList","@id":"https:\/\/nicolaslouis.com\/wordpress\/produit\/serie-vegetal-08-lanceolees-vert-sombre-tirage-photo-art-serie-limitee\/#breadcrumb","itemListElement":[{"@type":"ListItem","position":1,"name":"Accueil","item":"https:\/\/nicolaslouis.com\/wordpress\/"},{"@type":"ListItem","position":2,"name":"BOUTIQUE","item":"https:\/\/nicolaslouis.com\/wordpress\/boutique\/"},{"@type":"ListItem","position":3,"name":"Tirage photo d\u2019art-Se\u0301rie limit\u00e9e Nocturne V\u00e9g\u00e9tale #08-Lanceolees-30x40cm"}]},{"@type":"WebSite","@id":"https:\/\/nicolaslouis.com\/wordpress\/#website","url":"https:\/\/nicolaslouis.com\/wordpress\/","name":"NICOLAS LOUIS PHOTOGRAPHE","description":"Rencontre photographique","publisher":{"@id":"https:\/\/nicolaslouis.com\/wordpress\/#organization"},"potentialAction":[{"@type":"SearchAction","target":{"@type":"EntryPoint","urlTemplate":"https:\/\/nicolaslouis.com\/wordpress\/?s={search_term_string}"},"query-input":{"@type":"PropertyValueSpecification","valueRequired":true,"valueName":"search_term_string"}}],"inLanguage":"fr-FR"},{"@type":"Organization","@id":"https:\/\/nicolaslouis.com\/wordpress\/#organization","name":"NICOLAS LOUIS","url":"https:\/\/nicolaslouis.com\/wordpress\/","logo":{"@type":"ImageObject","inLanguage":"fr-FR","@id":"https:\/\/nicolaslouis.com\/wordpress\/#\/schema\/logo\/image\/","url":"https:\/\/nicolaslouis.com\/wordpress\/wp-content\/uploads\/2025\/04\/cropped-nicolaslouis-logo.jpg","contentUrl":"https:\/\/nicolaslouis.com\/wordpress\/wp-content\/uploads\/2025\/04\/cropped-nicolaslouis-logo.jpg","width":512,"height":512,"caption":"NICOLAS LOUIS"},"image":{"@id":"https:\/\/nicolaslouis.com\/wordpress\/#\/schema\/logo\/image\/"}}]}},"jetpack_sharing_enabled":true,"jetpack_likes_enabled":true,"_links":{"self":[{"href":"https:\/\/nicolaslouis.com\/wordpress\/wp-json\/wp\/v2\/product\/3284","targetHints":{"allow":["GET"]}}],"collection":[{"href":"https:\/\/nicolaslouis.com\/wordpress\/wp-json\/wp\/v2\/product"}],"about":[{"href":"https:\/\/nicolaslouis.com\/wordpress\/wp-json\/wp\/v2\/types\/product"}],"replies":[{"embeddable":true,"href":"https:\/\/nicolaslouis.com\/wordpress\/wp-json\/wp\/v2\/comments?post=3284"}],"wp:featuredmedia":[{"embeddable":true,"href":"https:\/\/nicolaslouis.com\/wordpress\/wp-json\/wp\/v2\/media\/3285"}],"wp:attachment":[{"href":"https:\/\/nicolaslouis.com\/wordpress\/wp-json\/wp\/v2\/media?parent=3284"}],"wp:term":[{"taxonomy":"product_brand","embeddable":true,"href":"https:\/\/nicolaslouis.com\/wordpress\/wp-json\/wp\/v2\/product_brand?post=3284"},{"taxonomy":"product_cat","embeddable":true,"href":"https:\/\/nicolaslouis.com\/wordpress\/wp-json\/wp\/v2\/product_cat?post=3284"},{"taxonomy":"product_tag","embeddable":true,"href":"https:\/\/nicolaslouis.com\/wordpress\/wp-json\/wp\/v2\/product_tag?post=3284"}],"curies":[{"name":"wp","href":"https:\/\/api.w.org\/{rel}","templated":true}]}}